ivide 614893582?
False
Is 2263833099 a multiple of 13581?
False
Is 785 a factor of 546226550?
True
Does 1122 divide 1782333237?
False
Is 2467504027 a multiple of 119?
False
Is 124994159 a multiple of 631?
True
Is 34689280 a multiple of 20?
True
Is 232937367 a multiple of 13?
True
Is 508593273 even?
False
Is 850132770 a multiple of 17?
True
Is 78817529 a multiple of 37?
False
Is 10 a factor of 125500760?
True
Is 102591223 a multiple of 3350?
False
Is 441 a factor of 31088119?
False
Is 364 a factor of 199508036?
True
Is 2068817 a multiple of 1611?
False
Is 1188251328 a multiple of 7013?
False
Does 3 divide 417259659?
True
Is 46779131 a multiple of 497?
True
Is 964203576 a multiple of 1281?
True
Does 76 divide 133241984?
True
Is 310479713 a multiple of 1513?
False
Is 34 a factor of 1640403705?
False
Is 113 a factor of 5058653?
False
Is 15 a factor of 20402676?
False
Is 144 a factor of 24593040?
True
Is 816 a factor of 30569920?
False
Does 7315 divide 3337461526?
False
Is 38544450 a multiple of 350?
True
Does 247 divide 333170080?
False
Does 409 divide 24406516?
False
Is 361605365 a multiple of 25?
False
Is 9684 a factor of 1237150368?
True
Is 3120 a factor of 427586640?
True
Is 82723371 a multiple of 281?
False
Does 8 divide 11993269?
False
Is 3594752 a multiple of 112?
True
Is 157 a factor of 677147261?
False
Does 77 divide 4740351?
True
Is 6028941 a multiple of 6?
False
Does 43 divide 724425?
False
Is 32 a factor of 326791488?
True
Is 200 a factor of 13431442?
False
Is 283416580 a multiple of 230?
True
Does 28 divide 7581125?
False
Does 6356 divide 731143392?
True
Is 267 a factor of 11889257?
False
Does 320 divide 153782729?
False
Is 360685210 a multiple of 292?
False
Is 19 a factor of 20752465?
True
Does 376 divide 4102103?
False
Is 1412316042 a multiple of 2183?
False
Is 242 a factor of 326519468?
True
Does 5 divide 26785170?
True
Is 154423273 a multiple of 60?
False
Does 15 divide 63682710?
True
Is 2375887296 a multiple of 1052?
True
Is 225637984 a multiple of 44?
True
Does 444 divide 61891380?
True
Is 77890582 a multiple of 46?
False
Does 1574 divide 1431425506?
True
Is 423269891 a multiple of 119?
False
Is 353931259 a multiple of 1335?
False
Does 349 divide 498544057?
True
Is 491 a factor of 195219636?
True
Is 18 a factor of 213779754?
True
Is 157255974 a multiple of 18?
True
Is 9 a factor of 159121129?
False
Does 129 divide 165726816?
True
Is 1903047104 a multiple of 56?
True
Is 45 a factor of 22456310?
False
Is 68 a factor of 50235340?
True
Is 24 a factor of 19755216?
True
Is 14 a factor of 719357590?
True
Is 355 a factor of 437805108?
False
Does 24 divide 25276078?
False
Does 312 divide 6335800?
False
Is 201 a factor of 258323220?
False
Is 3891820183 a multiple of 17?
True
Does 4305 divide 329887845?
True
Does 62 divide 2642277753?
False
Is 419 a factor of 190926568?
True
Is 2818132017 a multiple of 261?
False
Does 1185 divide 43353225?
True
Does 2258 divide 850495931?
False
Is 1828 a factor of 273719284?
False
Is 26 a factor of 26429293?
False
Is 542 a factor of 29047175?
False
Is 868705834 a multiple of 21?
False
Does 15 divide 121437600?
True
Is 20369604 a multiple of 186?
True
Is 3764 a factor of 249233260?
True
Does 643 divide 141187368?
True
Is 55 a factor of 154872520?
True
Is 618 a factor of 697689864?
True
Does 1917 divide 1210624968?
False
Does 73 divide 926666054?
False
Does 225 divide 258049350?
True
Is 1903023200 a multiple of 10?
True
Is 154801900 a multiple of 11?
True
Is 6517 a factor of 3957643760?
True
Is 120 a factor of 1055880?
True
Is 754 a factor of 33356505?
False
Is 7 a factor of 77241874?
False
Is 131 a factor of 101927039?
True
Is 101351602 a multiple of 6?
False
Is 136 a factor of 18526736?
True
Is 11 a factor of 1102644675?
True
Is 956 a factor of 370633552?
True
Is 116562415 a multiple of 3?
False
Is 60858090 a multiple of 90?
True
Is 20 a factor of 528865580?
True
Is 164 a factor of 59666564?
False
Does 19 divide 56009891?
True
Is 2299 a factor of 372289597?
False
Does 14 divide 1061589933?
False
Is 246 a factor of 1919522256?
True
Is 117 a factor of 399301609?
False
Does 183 divide 151442565?
True
Is 101 a factor of 2888516675?
True
Does 218 divide 1679419121?
False
Is 35 a factor of 3789?
False
Is 47812547 a multiple of 37?
True
Is 37709572 a multiple of 33?
False
Is 142962616 a multiple of 292?
True
Is 1011804453 a multiple of 4?
False
Does 18 divide 56347174?
False
Does 19 divide 1040141111?
True
Is 10767413 a multiple of 172?
False
Does 100 divide 258543900?
True
Is 3914 a factor of 5491342?
True
Is 7106 a factor of 593990540?
True
Does 105 divide 1087311?
False
Does 30 divide 12004410?
True
Does 374 divide 23608743?
False
Does 8417 divide 3379938937?
True
Is 133 a factor of 722300266?
False
Is 1953102770 a multiple of 16?
False
Is 5967764 a multiple of 1063?
False
Does 1066 divide 65451334?
True
Is 557 a factor of 169631565?
True
Does 92 divide 560668056?
True
Does 43 divide 1880554009?
False
Does 382 divide 83360422?
True
Is 5 a factor of 931609910?
True
Is 536 a factor of 31963234?
False
Is 89 a factor of 44172793?
False
Is 1195 a factor of 545479343?
False
Is 5976314 a multiple of 23?
False
Is 121 a factor of 34176358?
False
Is 5250336 a multiple of 24?
True
Does 65 divide 26587080?
True
Is 2601309 a multiple of 57?
True
Does 706 divide 2109061334?
True
Is 47 a factor of 15027968?
True
Does 26 divide 2731705051?
False
Is 13094190 a multiple of 10?
True
Is 9 a factor of 10319049?
True
Does 10 divide 10376776?
False
Is 1792 a factor of 39063808?
True
Is 25 a factor of 1463521799?
False
Does 11447 divide 1781359246?
True
Does 1951 divide 5977196758?
True
Does 4 divide 51297388?
True
Is 7 a factor of 259057813?
True
Is 2 a factor of 49093409?
False
Is 88004350 a multiple of 31?
True
Is 22 a factor of 476816670?
True
Is 13419213 a multiple of 753?
True
Does 446 divide 176770423?
False
Does 16 divide 80408272?
True
Is 32 a factor of 5233280?
True
Is 25 a factor of 2909159975?
True
Is 13 a factor of 23861578?
True
Is 132669799 even?
False
Is 36592660 a multiple of 26?
True
Is 227182747 a multiple of 781?
True
Does 275 divide 1047028675?
True
Is 98043825 a multiple of 25?
True
Does 19 divide 65099510?
True
Is 4464 a factor of 3005079984?
True
Is 5042 a factor of 1449675840?
True
Is 147032773 a multiple of 19?
True
Is 7025910 a multiple of 5?
True
Does 25 divide 1685524225?
True
Is 36 a factor of 4224667192?
False
Is 344 a factor of 8692536?
True
Does 255 divide 135288781?
False
Is 358 a factor of 1251393306?
False
Does 2187 divide 3619631529?
True
Is 138 a factor of 1186061749?
False
Is 2106925455 a multiple of 2732?
False
Does 6 divide 16271064?
True
Does 525 divide 178993500?
True
Is 212 a factor of 29863982?
False
Is 69 a factor of 510908045?
False
Is 138 a factor of 12803088?
True
Is 19 a factor of 1183776?
True
Is 105057711 a multiple of 33?
True
Does 19 divide 62657583?
False
Does 28 divide 1028008660?
True
Is 13 a factor of 209785643?
False
Does 14 divide 59229340?
False
Is 2083 a factor of 175203213?
True
Is 107 a factor of 383230149?
False
Is 490476 a multiple of 4?
True
Does 2256 divide 76877712?
True
Is 120497342 a multiple of 727?
True
Does 56 divide 122116120?
True
Is 1009216613 a multiple of 459?
False
Is 450 a factor of 25671150?
True
Does 488 divide 1800853712?
True
Does 10 divide 26587460?
True
Is 6214637 a multiple of 113?
False
Does 281 divide 888601421?
False
Is 418731 a multiple of 16?
False
Does 119 divide 11589989?
False
Does 193 divide 113379973?
True
Is 126641856 a multiple of 1464?
True
Does 150 divide 22497446?
False
Is 10 a factor of 126797690?
True
Is 157249687 a multiple of 739?
False
Is 35450097 a multiple of 1186?
False
Is 51 a factor of 44498726?
False
Does 1566 divide 469222769?
False
Is 1004 a factor of 386453656?
True
Does 2346 divide 155041597?
False
Does 213 divide 9059016?
False
Is 108 a factor of 22947084?
True
Does 13 divide 978185?
True
Is 766 a factor of 3113024?
True
Is 8 a factor of 17074631?
False
Is 66 a factor of 227887940?
False
Is 4829298 a multiple of 7?
False
Does 81 divide 38583371?
False
Does 7 divide 698676796?
False
Is 52205321 a multiple of 13?
False
Is 885011983 a multiple of 456?
False
Is 115 a factor of 153317622?
False
Is 2026695300 a multip